n 1292 is divided by w.
2
Let y(p) = -p**2 - 14*p + 6. Let r be y(-14). Suppose 0*k - r*k + 546 = 0. What is the remainder when k is divided by 19?
15
Let b = 0 - -2. Suppose -b*p - 3*p + 100 = 0. Let s = -396996 - -397007. Calculate the remainder when p is divided by s.
9
Suppose 11 = 5*s + r - 19, 0 = -r + 5. Suppose 0*o = -4*o - 5*d + 50, s*d = -2*o + 20. Calculate the remainder when o is divided by (-15 - -13)/(1 + -2).
1
Suppose 5*h - 4*h - 8 = -2*o, -5*o - 10 = -5*h. Let q(m) = 2*m - 185. Let t be q(-35). Let i = t - -265. What is the remainder when i is divided by o?
0
Let q(b) = b**3 - 7*b**2 + 7*b + 12. Let u be q(6). What is the remainder when (114/u)/((-2)/(-6))*1 is divided by (-11)/(-1)*(2 + 1/(-1))?
8
Let q(u) = 364*u + 3671. Calculate the remainder when q(4) is divided by 190.
187
Calculate the remainder when (-3 - (-22)/7)*5579 is divided by 57.
56
Let s = -116 - -119. Let p(a) = a**3 - 2*a**2 - 2*a - 1. Suppose 5*w - 2*v - 45 = 0, -2*w + 32 = -2*v + 8. Calculate the remainder when w is divided by p(s).
1
Let q(h) = -h**3 - 9*h**2 - 21*h - 42. Let g be q(-7). Let j = g - -138. Calculate the remainder when j is divided by 38.
31
Suppose 55*g = -137*g + 35520. What is the remainder when g is divided by 180?
5
Suppose -4*b + 0*b = -24. Suppose 4*f + 4 = 0, 8*q - 5*f = -4*f + 121. Calculate the remainder when q is divided by b.
3
Let j be 48/(40/(-5))*3/(-9). What is the remainder when (-1475)/(-55) - j/(-11) is divided by -7*(0 + -1) + 0?
6
Let f be (-132)/(-28) + 4/14. Let b(c) = 2 + 1 + 12*c**2 - c - 3*c - f*c**2. Calculate the remainder when 67 is divided by b(2).
21
Let k = -478 + 556. Suppose -9*m - 34 = -11*m. Calculate the remainder when k is divided by m.
10
Suppose -37*u + 798 = -86 - 2927. What is the remainder when 130 is divided by u?
27
Let b = -14 - -28. Calculate the remainder when b is divided by ((-12)/18)/(9 + 902/(-99)).
2
Let b = -3176 + 3220. What is the remainder when b is divided by ((-80)/12)/((-1)/3)?
4
Suppose -2*p + 3*w = -577, 0*p - w - 579 = -2*p. What is the remainder when p is divided by 153?
137
Let s = 57 - 56. Suppose -x = 5 - s, 3*l = -2*x + 34. Calculate the remainder when 69 is divided by l.
13
Let p(g) = -11 + g + 3*g + 22*g + 18*g + 7*g**2 - 1. Calculate the remainder when p(-7) is divided by 6.
5
Let r = 2808 - 1073. What is the remainder when r is divided by 56?
55
Suppose -3*x + 4*o = -0*x - 665, 4*x - 880 = 2*o. What is the remainder when 7220 is divided by x?
212
Let r be (1 - 0/(-1)) + -19. Let g = 99 - r. What is the remainder when g is divided by (280/(-80) + -7)*100/(-35)?
27
Let m = -3 - -7. Let d(z) = 4*z**2 - 74*z - 10. Let r be d(20). Suppose -m*o - o = -r. What is the remainder when 82 is divided by o?
16
Suppose 0 = -2*x - 4*s + 336, 3*s = -2*x + 63 + 269. Calculate the remainder when 11837 is divided by x.
157
Let h(g) = 24596*g + 221401. Let p(r) = r**3 + 4*r**2 + r - 1. Calculate the remainder when p(4) is divided by h(-9).
20
Suppose -6*k + k + 2*q + 253 = 0, k - 65 = 4*q. What is the remainder when k is divided by 15 + (1/(-4) - (-34)/8)?
11
Let t(w) = w**2 + 5*w + 2. Let a = 51 - 51. Let v be t(a). Suppose -6*d + 736 = v*d. Calculate the remainder when d is divided by 19.
16
Suppose -4*k + 3*z + 2*z + 93 = 0, 2*k - 39 = z. Suppose 0 = -2*w + 2*s + 20, -4*w - 3*s + 9 = -k. Calculate the remainder when 38 is divided by w.
6
Suppose 864 = -5*q + 2*n + 9548, 3*q - 5212 = n. What is the remainder when q is divided by 434?
4
Suppose 2*v - 52 = v - 3*n, 5*v - 274 = -n. Let y(o) = -2*o + 15. Let d be 1*(-4 - -3) + -1. What is the remainder when v is divided by y(d)?
17
Let d(n) = -n**2 - n + 26. Let c be d(5). Let x(r) = -6*r**3 + r**2 + 5*r + 2. Calculate the remainder when x(-2) is divided by 9*2 + c + 2.
12
Let i be (2 + (2 - 68))*(-3 + 2). Suppose -4*p - 4*t + i = p, -p + 16 = 4*t. Calculate the remainder when 0/(-2) + 93 + 0 is divided by p.
9
Suppose 38*k = 40*k + m - 118, 5*k - 250 = 5*m. What is the remainder when 254 is divided by k?
30
Let g = -86 + 155. Calculate the remainder when g is divided by (-3*2/4)/((-90)/2160).
33
Let c = -1563 + 1572. Calculate the remainder when 321 is divided by c.
6
Let n = -8837 - -9086. What is the remainder when n is divided by 139?
110
Suppose 5708 = 12*d + 680 + 456. Calculate the remainder when d is divided by 122.
15
Let a be (1 + 0)/(4/172). Let d = a - 29. Suppose -324 = 1556*g - 1568*g. What is the remainder when g is divided by d?
13
Suppose -2*y = 8*x - 5*x - 608, 6*x - 1226 = -2*y. What is the remainder when x is divided by 36?
26
Suppose z + 18 = 4*z + 2*l, -5*z + 11 = -3*l. What is the remainder when 405 is divided by 1*(29/z)/((-12)/(-48))?
28
Suppose -29*o + 34*o = -3*p + 94, 0 = -p + 4*o + 3. What is the remainder when 9567 is divided by p?
22
Suppose -4*o = -3*p - 24, 5*o - 2*o + 5*p = 18. Let r be (2/o)/(16/1392). Suppose 3*h - r = 10. What is the remainder when 25 is divided by h?
12
Let l = 1059 - 1023. Calculate the remainder when 131 is divided by l.
23
Suppose 146 = 2*x + 4*t, 3*t - 37 + 95 = x. What is the remainder when 232 is divided by x?
31
Suppose -4*q = -0*q - 344. What is the remainder when q is divided by (-8)/(232/(-319)) - -7?
14
Suppose -567 = -3*h - 5*n, 12 + 3 = -5*n. Let j = -190 + h. Calculate the remainder when 15 is divided by j.
3
Let d(i) = i**3 + 19*i**2 - 290*i + 1. What is the remainder when 2 is divided by d(10)?
0
Suppose -3*u - 5*r = -2, -u - 4*u = -r - 50. Let m be u/(27/(-6)) - 14. Calculate the remainder when 92 is divided by (-8)/20*(5 - 0)*m.
28
Suppose -q = -9*q + 25*q - 62730. What is the remainder when q is divided by 66?
60
Suppose 19*l - 17*l - 3775 = -d, -4*d = 4*l - 15092. What is the remainder when d is divided by 17?
14
Let x(m) = 394*m + 218. Calculate the remainder when x(4) is divided by 120.
114
Suppose -7*j - 129 = -5*f - 9*j, -f = -j - 30. Let l(c) = c**2 - 25*c - 45. Let x = 83 + -30. Calculate the remainder when x is divided by l(f).
8
Let f = -27 - -19. Let q = f - -12. Let u(r) = r**3 - 12*r**2 + 14*r - 15. What is the remainder when u(11) is divided by q?
2
Let d(y) = y**2 - y - 9. What is the remainder when (-910)/364*(-432)/10 is divided by d(-4)?
9
Let h(q) = 2*q**2 + 3*q + 14. Let k = 1913 - 1652. Calculate the remainder when k is divided by h(-6).
57
Suppose -27*j + 1802 = -61. Suppose 4*o = -3*y + 1 - 2, 3*o + 2*y = 0. Suppose -o*p + j = -1. What is the remainder when p is divided by 8?
3
Let k(c) = -42*c + 861. Suppose -335 = -5*i + 3*r, 0 = 3*i + 5*r - 252 + 85. What is the remainder when k(16) is divided by i?
61
Let f = -4694 - -4762. Calculate the remainder when 251 is divided by f.
47
Let z be (2044/(-12))/((-1)/(-3)). Let i = 548 + z. What is the remainder when 123 is divided by i?
12
Suppose 3*m - 5733 = 6*j, -95*m + 99*m - 5*j - 7659 = 0. Calculate the remainder when m is divided by 62.
61
What is the remainder when ((-37)/((-2738)/(-185)))/(5/(-134)) is divided by 16?
3
Let z(b) = -46*b - 1729. What is the remainder when z(-52) is divided by 60?
3
Let r = -5122 + 5136. What is the remainder when 1327 is divided by r?
11
Suppose -3*p + 580 = p - 2*y, 3*p + 2*y = 428. Suppose 96*h = 100*h - p. Calculate the remainder when 101 is divided by h.
29
Let u be 1/((-2)/(-28)) - (4 + -1). Suppose -u*v + 27*v = 18352. What is the remainder when v is divided by 28?
27
Let b(i) = 4*i**2 - 4*i - 4. Let r be b(-1). Let h(f) = 24*f + 548 - 556 - r*f. What is the remainder when 41 is divided by h(1)?
5
Let o = 34 + -59. Let u = -90 - o. Calculate the remainder when (-13)/u + (-64)/(-5) is divided by 4.
1
Suppose -25*p + 27*p = -5*c + 2084, -2*c - 5181 = -5*p. What is the remainder when p is divided by 40?
37
Suppose 4*s + 6*y - 36 = 4*y, -5*y = -2*s + 30. Suppose 1915 - 117 = 62*g. Calculate the remainder when g is divided by s.
9
Let h(k) = -6*k + 47. Let w be h(-8). What is the remainder when 89 is divided by (-19)/w - (-31)/5?
5
Suppose -10 = 5*d, 5*t - 530 = -0*t + 5*d. Let n = -5327 + 5343. Calculate the remainder when t is divided by n.
8
Let s(h) = h**3 + 27*h**2 + h + 42. Let z = 1 - -112. Let y = z + -69. What is the remainder when y is divided by s(-27)?
14
Let j = 73640 - 73250. Let q = 42 - -37. Calculate the remainder when j is divided by q.
74
Sup